divided by 583?
141
Calculate the remainder when 458365 is divided by 2074.
11
What is the remainder when 1772580 is divided by 240?
180
Calculate the remainder when 2477560 is divided by 2089.
6
What is the remainder when 135306764 is divided by 45?
44
Calculate the remainder when 35057731 is divided by 938.
919
What is the remainder when 389898 is divided by 1214?
204
Calculate the remainder when 1514076 is divided by 36.
24
Calculate the remainder when 9301546 is divided by 152481.
205
Calculate the remainder when 9260270 is divided by 168368.
30
What is the remainder when 64223753 is divided by 845049?
29
What is the remainder when 88753 is divided by 461?
241
What is the remainder when 109311 is divided by 21678?
921
Calculate the remainder when 1966912 is divided by 39328.
512
What is the remainder when 304104 is divided by 75574?
1808
Calculate the remainder when 1741685 is divided by 290275.
35
Calculate the remainder when 1742693 is divided by 47097.
104
Calculate the remainder when 5555 is divided by 2357.
841
Calculate the remainder when 5683349 is divided by 24602.
287
Calculate the remainder when 742703 is divided by 9051.
521
Calculate the remainder when 499541 is divided by 3647.
3549
Calculate the remainder when 8048564 is divided by 2394.
2330
What is the remainder when 150029 is divided by 1010?
549
What is the remainder when 353211 is divided by 8418?
8073
What is the remainder when 45221 is divided by 21446?
2329
What is the remainder when 3079744 is divided by 7530?
7504
What is the remainder when 82315 is divided by 64?
11
What is the remainder when 3385075 is divided by 231?
1
What is the remainder when 2922106 is divided by 365247?
130
What is the remainder when 5748 is divided by 529?
458
What is the remainder when 308606 is divided by 11017?
130
Calculate the remainder when 2204627 is divided by 381.
161
Calculate the remainder when 3563830 is divided by 1781896.
38
Calculate the remainder when 783078 is divided by 52176.
438
Calculate the remainder when 3781434 is divided by 349.
19
Calculate the remainder when 438723 is divided by 438677.
46
What is the remainder when 219458 is divided by 109689?
80
Calculate the remainder when 266555 is divided by 53302.
45
Calculate the remainder when 13564062 is divided by 46.
42
Calculate the remainder when 252069 is divided by 49710.
3519
What is the remainder when 200707 is divided by 200696?
11
Calculate the remainder when 2087956 is divided by 208785.
106
What is the remainder when 6173 is divided by 6078?
95
What is the remainder when 24516 is divided by 5909?
880
What is the remainder when 617200 is divided by 19286?
48
What is the remainder when 47731346 is divided by 11?
3
What is the remainder when 28473 is divided by 1091?
107
What is the remainder when 5921845 is divided by 16404?
1
What is the remainder when 160535 is divided by 53423?
266
Calculate the remainder when 2405674 is divided by 801890.
4
Calculate the remainder when 17830 is divided by 15618.
2212
What is the remainder when 4088678 is divided by 234?
230
Calculate the remainder when 912490 is divided by 782.
678
Calculate the remainder when 13242292 is divided by 4414067.
91
Calculate the remainder when 8144 is divided by 7921.
223
What is the remainder when 7625065 is divided by 3509?
8
Calculate the remainder when 31286059 is divided by 744906.
7
Calculate the remainder when 3996325 is divided by 3127.
19
What is the remainder when 59869641 is divided by 657908?
13
Calculate the remainder when 585161 is divided by 43.
17
What is the remainder when 3106218 is divided by 6431?
45
Calculate the remainder when 17536030 is divided by 8.
6
What is the remainder when 109748588 is divided by 393364?
32
What is the remainder when 167303055 is divided by 29?
25
Calculate the remainder when 16787881 is divided by 8393939.
3
What is the remainder when 34696 is divided by 23?
12
What is the remainder when 93026 is divided by 10312?
218
Calculate the remainder when 15087104 is divided by 5073.
2
What is the remainder when 388211 is divided by 387881?
330
What is the remainder when 32332063 is divided by 3?
1
Calculate the remainder when 50399587 is divided by 2.
1
Calculate the remainder when 274719 is divided by 3821.
3428
Calculate the remainder when 658524 is divided by 94002.
510
What is the remainder when 8493866 is divided by 6?
2
Calculate the remainder when 4086187 is divided by 872.
867
What is the remainder when 4138878 is divided by 5631?
93
What is the remainder when 251625 is divided by 501?
123
What is the remainder when 193492 is divided by 408?
100
Calculate the remainder when 352791 is divided by 280.
271
What is the remainder when 3454357 is divided by 130?
127
Calculate the remainder when 92962 is divided by 3435.
217
Calculate the remainder when 678932 is divided by 3398.
2730
Calculate the remainder when 1076678 is divided by 46.
2
Calculate the remainder when 415373778 is divided by 28.
22
Calculate the remainder when 79727 is divided by 525.
452
What is the remainder when 2958236 is divided by 15?
11
Calculate the remainder when 4174348 is divided by 223.
11
Calculate the remainder when 7925312 is divided by 68.
48
Calculate the remainder when 516285 is divided by 801.
441
Calculate the remainder when 830619 is divided by 830554.
65
What is the remainder when 3162419 is divided by 1581207?
5
Calculate the remainder when 358494587 is divided by 206.
203
Calculate the remainder when 54657 is divided by 892.
245
Calculate the remainder when 1127212 is divided by 1127083.
129
Calculate the remainder when 1234407 is divided by 452.
447
What is the remainder when 8824017 is divided by 157?
146
Calculate the remainder when 306888 is divided by 5579.
43
What is the remainder when 3226183 is divided by 14?
9
What is the remainder when 65548 is divided by 2387?
1099
What is the remainder when 2291694 is divided by 763884?
42
What is the remainder when 19882 is divided by 19882?
0
Calculate the remainder when 75487 is divided by 54.
49
Calculate the remainder when 4089001 is divided by 10276.
9429
Calculate the remainder when 234483 is divided by 3908.
3
What is the remainder when 1700270 is divided by 113238?
1700
What is the remainder when 411895 is divided by 253?
11
Calculate the remainder when 769501 is divided by 4094.
3923
What is the remainder when 47466 is divided by 6710?
496
What is the remainder when 87047 is divided by 9506?
1493
What is the remainder when 12059 is divided by 242?
201
Calculate the remainder when 20872323 is divided by 64.
3
Calculate the remainder when 851424 is divided by 1226.
580
What is the remainder when 18000954 is divided by 473?
466
Calculate the remainder when 12386565 is divided by 88.
37
What is the remainder when 11909 is divided by 2895?
329
What is the remainder when 1369531 is divided by 1060?
11
Calculate the remainder when 400007 is divided by 99782.
879
What is the remainder when 8900576 is divided by 5414?
5374
Calculate the remainder when 3852074 is divided by 62.
14
What is the remainder when 443855552 is divided by 221927772?
8
Calculate the remainder when 361551 is divided by 841.
762
What is the remainder when 3000 is divided by 2945?
55
Calculate the remainder when 187774737 is divided by 131.
123
What is the remainder when 37131283 is divided by 7?
0
Calculate the remainder when 763691 is divided by 5920.
11
Calculate the remainder when 101780 is divided by 50158.
1464
What is the remainder when 476157 is divided by 33?
0
What is the remainder when 228471 is divided by 43?
12
What is the remainder when 515387 is divided by 56998?
2405
Calculate the remainder when 2864791 is divided by 1432146.
499
Calculate the remainder when 914676 is divided by 901.
161
Calculate the remainder when 404484 is divided by 219.
210
Calculate the remainder when 49133677 is divided by 702.
697
Calculate the remainder when 1096129 is divided by 236.
145
What is the remainder when 1098845 is divided by 549325?
195
What is the remainder when 1365602 is divided by 2308?
1574
Calculate the remainder when 154696136 is divided by 211.
9
What is the remainder when 26369 is divided by 13182?
5
Calculate the remainder when 5502261 is divided by 1733.
1719
Calculate the remai